. Let t = g - -5. What is the remainder when t is divided by 8?
5
Suppose 23 = -3*q + 8. Let t(v) = 4*v**2 + 13*v - 6. What is the remainder when (-8)/2*114/(-8) is divided by t(q)?
28
Let s(c) = c - 3. Let l be ((-10)/30)/(1/(-9)). Let t be s(l). Suppose 0 = -t*y - y - 4*w + 20, 0 = -w + 2. What is the remainder when 47 is divided by y?
11
Suppose -4*i + 5*d - 2 = -26, 2*i = -5*d + 12. Calculate the remainder when 8 is divided by i.
2
Let x = 91 - 82. Let d(h) = -7*h**3 - h**3 + 5*h**3 - 21 + 12*h + 2*h**3 + 8*h**2. Calculate the remainder when 33 is divided by d(x).
3
Let r = -4 + 23. Suppose -3*s + 1 = r. What is the remainder when 61 is divided by (10 - s)*(-1)/(-1)?
13
Suppose -2*b + 867 = 3*m, -2*m + 5*b - 1445 = -7*m. What is the remainder when m is divided by 49?
44
What is the remainder when 9/4 - 2 - 26340/(-48) is divided by 19?
17
Suppose -5*i - 2*n = -124, -n - 116 = -5*i + n. Let c = i + -19. Let l(p) = -p**3 + 7*p**2 - 2*p + 1. Calculate the remainder when l(c) is divided by 11.
8
Suppose m + 1 = 5*v + 15, 14 = -v + 3*m. Let y(k) = 2*k - 2. Calculate the remainder when 33*(v/6 + 1) is divided by y(4).
4
Suppose 18*p - 17*p = 5*q + 48, -6 = 2*q. What is the remainder when 2538 is divided by p?
30
Let b = 60 + 139. What is the remainder when b is divided by 875/(-175)*-2*2?
19
Suppose -a - 12 = -2*u - 5, 0 = u + 4*a + 19. Suppose 29 + u = 2*v. Calculate the remainder when 43 is divided by v.
13
Let w = 1323 + -1283. What is the remainder when w is divided by 15?
10
Let h(z) = 7*z + 91. What is the remainder when h(11) is divided by 57?
54
Let n(l) = l**3 - l + 9. Let m = 78 - 39. Suppose -60 = -3*z + 5*r, -2*z - z - 2*r = -m. What is the remainder when z is divided by n(0)?
6
Let q be (10 - 9)/((-1)/1). What is the remainder when (2 + q)/(2/14) is divided by 4?
3
Suppose 3*v + y = -y + 261, 0 = 2*v + 4*y - 166. Suppose -2*x = -225 + v. Calculate the remainder when x is divided by 23.
22
Let v(f) = 2*f**2 + 25*f - 77. What is the remainder when v(-23) is divided by 37?
36
Suppose -d = 2*z - 3*z + 85, -253 = -3*z + 5*d. Let h(f) = 2*f**2 + 4*f. Calculate the remainder when z is divided by h(-5).
26
Let x(o) = 2*o**3 + 17*o**2 - 12*o - 11. What is the remainder when 57 is divided by x(-9)?
9
Suppose -f - z = 7, 0*z + 3*z - 23 = f. Let r = f + 16. Suppose r*m - 172 - 163 = 0. Calculate the remainder when m is divided by 14.
11
Suppose 0 = o + o - 20. Let z(b) = -b**3 + 2*b**2 + 5*b - 3. Calculate the remainder when o is divided by z(2).
3
Let g = -37 - -39. Suppose -g*m - 12 = -5*m. Suppose -3*q + 4*q - 9 = 0. Calculate the remainder when q is divided by m.
1
Suppose 5*a + 6*o = 7*o + 582, -3*a + 4*o = -356. Calculate the remainder when a is divided by 1.
0
Let x = -41 + 85. Let y = 242 + -159. What is the remainder when y is divided by x?
39
Let n = -92 + 303. Suppose 0 = -4*o - 12 - 8, -o = 4*f - n. Calculate the remainder when f is divided by 16.
6
Let z = 136 + -83. Let c = z - 32. What is the remainder when 80 is divided by c?
17
Let q(b) = 6*b**2 - b**2 + b**3 - 5*b - 7*b**2. Calculate the remainder when 21 is divided by q(4).
9
Let x be (-4)/40*4*-5. Suppose 5*q + t = 79, -x*t = 5*q + 2*t - 91. Let y(w) = w + 1. Calculate the remainder when q is divided by y(8).
6
Suppose -4 = 3*t - 25. Suppose -62 = 4*m - 262. Let z = -30 + m. Calculate the remainder when z is divided by t.
6
Let x(k) = k**3 + 8*k**2 - 4*k - 1. Let z(n) = n**2 + n + 1. What is the remainder when z(-8) is divided by x(-8)?
26
Suppose 3*m + m + 5*v = 12, 2*m + 4*v - 12 = 0. Let u be 56 + m/(-6)*0. What is the remainder when u/42 + 280/6 is divided by 17?
14
Let d(g) = 3*g**2 + 3*g - 2. Let h be d(1). Calculate the remainder when 22 - ((9 - h) + -1) is divided by 7.
4
Suppose -c + x + 24 = 0, -c + 5*x - 7*x = -39. Calculate the remainder when 49 is divided by c.
20
Suppose 25*k = 29*k - 400. What is the remainder when k is divided by 41?
18
Suppose -53 + 15 = -2*a - 3*j, 0 = -2*a + 5*j + 6. Let z(i) = i + 5. Calculate the remainder when a is divided by z(0).
3
Suppose -13*j = -15*j - 46. Let h = -12 - j. What is the remainder when 38 is divided by h?
5
Let p(b) = b**2 + 4*b + 16. What is the remainder when p(-4) is divided by 9?
7
Let x be 2/14 + 3852/84. Let t = 92 - x. Calculate the remainder when t is divided by 12.
10
Let k = 42 - -8. Let q(w) = -3*w - 8. Calculate the remainder when k is divided by q(-7).
11
Let t(o) = -o**3 + 45*o**2 + 4*o - 37. What is the remainder when t(45) is divided by 133?
10
Let y be (-4)/((-3)/((-18)/(-3))). Suppose -2*r + 4*r = 4*f, 3*r - 2*f = y. Calculate the remainder when r is divided by (1/(-3))/((-2)/18).
1
Let y(z) = -z**2 + 1. Let u(a) = -3 + a**3 + 3*a**2 - 5*a**2 - 4*a**2 + 0*a + 2*a. Let l(i) = -u(i) - y(i). What is the remainder when l(5) is divided by 11?
9
Let v(h) = 223*h + 1009. What is the remainder when v(-4) is divided by -2 - -1 - (0 + -13)?
9
Let a(m) = m**3 - 35*m**2 - 36*m. Let f be a(36). Let v = 1 - 1. Calculate the remainder when 35 is divided by 7 + 2 + (v - f).
8
Let v = 724 + -707. Calculate the remainder when 163 is divided by v.
10
Suppose 3*x = -5*h + 93, h + 3*x - 7 = 2. Calculate the remainder when h is divided by 4.
1
Let c = -232 + 262. What is the remainder when 55 is divided by c?
25
Suppose -7*p + 2*p + 20 = 0. Suppose -p*v + 37 = -15. Suppose -16*u + 339 = -v*u. What is the remainder when u is divided by 29?
26
Suppose -5*o + 4 + 16 = 0. Suppose 0 = 4*m - 3*s - 156, o*m + 2*s = -3*s + 188. What is the remainder when 81 is divided by m?
39
Suppose 13*w + 47*w - 27600 = 0. What is the remainder when w is divided by 58?
54
Let x = -23 - -18. Calculate the remainder when (20/x)/(6/(-39)) is divided by 8.
2
Let z = -123 + 242. Calculate the remainder when z is divided by 31.
26
Suppose 3*n - 31 - 5 = 0. What is the remainder when 53/2*(-5 + 7) - -6 is divided by n?
11
Suppose -l = l - 64. Let q(v) = 19*v + 375. What is the remainder when q(-15) is divided by l?
26
Let z(b) = 6*b**2 + b + 2. What is the remainder when 35 is divided by z(0)?
1
Suppose t + 22*j = 21*j + 256, -5*t + 4*j = -1235. Calculate the remainder when t is divided by 9.
8
Suppose -3*j - 2*s + 38 = -68, -2*s + 10 = 0. Let h = 170 - 141. Let b = j - h. Calculate the remainder when 11 is divided by b.
2
Let z be (-36)/(-21) + 8/28. Suppose 4*b = -11*c + 6*c + 275, -z*b = -5*c + 305. Let a = 104 - c. What is the remainder when a is divided by 17?
11
Let m(f) = -f**3 + f**2 - f - 7. What is the remainder when 151 is divided by m(-3)?
23
Let h(k) = k + 7. Let g be h(-5). Suppose 4*f + a = 25, -g*f = -a + 4 - 9. Calculate the remainder when 14 is divided by f.
4
Suppose -j + 3*j = -0*j. Suppose j = -4*y - 0*n + 5*n + 52, -5*y - 5*n + 65 = 0. What is the remainder when y is divided by 8?
5
Let l(j) = -82*j - 98. Calculate the remainder when l(-5) is divided by 21.
18
Let u = -384 + 434. What is the remainder when 245 is divided by u?
45
Let x = -71 + 76. Let b(t) = -t**3 + 11*t**2 - 13*t + 4. What is the remainder when b(x) is divided by 23?
20
Suppose z = -2*l + 49, -z = 5*l - 95 - 35. Calculate the remainder when 215 is divided by l.
26
Let q(c) = 3*c**2 + 7*c - 79. Calculate the remainder when q(19) is divided by 38.
35
Let o = 83 + -72. Let a(x) = 10*x + 3. What is the remainder when a(4) is divided by o?
10
Let z(y) = -2*y + 2. Let b be z(5). Let h be (-20)/(-12) - 16/6. Let m = h - b. Calculate the remainder when m is divided by 5.
2
Let k be 1 - -8*(-39)/(-6). Let v = k - 41. Calculate the remainder when 33 is divided by v.
9
Let l = 3 - 1. Suppose -l*j = 3*c - 29, 2*c = c + 1. Calculate the remainder when 24/18 + 1144/24 is divided by j.
10
Suppose 3*a + 15 + 6 = 0. Let z = a - -9. Suppose 0 = z*b + 2*b - 24. What is the remainder when 16 is divided by b?
4
Let y = 2677 - 2493. What is the remainder when 574 is divided by y?
22
Let b = 119 + 69. What is the remainder when b is divided by 15?
8
Let o = -251 - -259. What is the remainder when 29 is divided by o?
5
Let k = 91 + -33. Let w(g) = 3*g + 3. Calculate the remainder when k is divided by w(4).
13
Let v(n) = -14*n - 7. Let g(l) = l**2 + 4*l - 1. Suppose -2*p - 5 = d, -2*p - 3*d + 2 = -3. What is the remainder when v(-1) is divided by g(p)?
3
Suppose 0*c = 2*c - 6. Sup